{"id":1867,"date":"2018-10-21T12:47:44","date_gmt":"2018-10-21T12:47:44","guid":{"rendered":"http:\/\/www.sv-saupsdorf.de\/?page_id=1867"},"modified":"2021-03-27T09:47:19","modified_gmt":"2021-03-27T09:47:19","slug":"7-punktspiel","status":"publish","type":"page","link":"https:\/\/www.sv-saupsdorf.de\/?page_id=1867","title":{"rendered":"7. Punktspiel"},"content":{"rendered":"<p><strong>7. Punktspiel<br \/>\nSV Chemie Dohna 2.  \u2013 SV Saupsdorf        10 : 0 (1 : 0)<\/strong><br \/>\nErsatzgesw\u00e4cht durch l\u00e4ngerfristige Verletzungen, berufliche Gr\u00fcnde und einige zogen es vor die Mannschaft im Stich zu lassen, so fuhr man mit 12 Mann zum Tabellenzweiten.<br \/>\nIn der ersten H\u00e4lfte lief das Spiel noch gut f\u00fcr den SVS und man bot den Platzherren Paroli. Ein berechtigter Strafsto\u00df brachte nach 25 Minuten den Gastgeber in F\u00fchrung.<br \/>\nDas beeindruckte aber den SVS wenig und man konnte einige Nadelstiche setzen, die aber leider ungenutzt blieben.<br \/>\nIn der 43. Minute wertete der Schiedsrichter eine Befreiung aus einer Umklammerung als T\u00e4tlichkeit und dezimierte so den SVS.<br \/>\nEs war das erste Vergehen des Spielers in diesem Spiel und mit mehr Fingerspitzengef\u00fchl h\u00e4tte man auch nicht unbedingt glatt Rot ziehen m\u00fcssen.<br \/>\nEs war eine faire Partie zwischen beiden Mannschaften, wobei es nur eine gelbe Karte im gesamten Spiel gab.<br \/>\nDer noch junge Schiedsrichter h\u00e4tte auch bei gleicher Wertung ein \u00e4hnliches Vergehen der Dohnaer dann im Verlauf des Spiels gleich ahnden m\u00fcssen, zog es aber vor gar keine Reaktion zu zeigen.<br \/>\nAbgesehen davon bot der Schiri aber eine gute Leistung.<br \/>\nNach der Pause musste der SVS gleich den n\u00e4chsten Tiefschlag in Form einer weiteren Verletzung eines Spielers hinnehmen und damit nicht genug damit, kam noch eine Verletzung 20 Minuten vor Ende der Partie dazu und beide Spieler mussten das Feld auch .deswegen verlassen.<br \/>\nDie acht verbliebenen versuchten alles um des Ergebnis in Grenzen zu halten, aber es war ein Kampf David gegen Goliath. So setzte es eine derbe Klatsche, die man jetzt schnell aus den K\u00f6pfen kriegen muss um selbigen frei f\u00fcr das n\u00e4chste Spiel, vor heimischer Kulisse, zu bekommen.<\/p>\n<p><strong>Der SV Saupsdorf spielte mit:<\/strong><br \/>\nJ. Lehmann, S. Kutzner, Julian H\u00e4ntzschel, J. Mihulka,  J. Hille, P. Ru\u00dfig, W. Adam<br \/>\nMichael H\u00e4ntzschel, M. Maetze, K. Frenzel , Max H\u00e4ntzschel, D. Ehrlichmann<\/p>\n","protected":false},"excerpt":{"rendered":"<p>7. Punktspiel SV Chemie Dohna 2. \u2013 SV Saupsdorf 10 : 0 (1 : 0) Ersatzgesw\u00e4cht durch l\u00e4ngerfristige Verletzungen, berufliche Gr\u00fcnde und einige zogen es vor die Mannschaft im Stich zu lassen, so fuhr man mit 12 Mann zum Tabellenzweiten. In der ersten H\u00e4lfte lief das Spiel noch gut f\u00fcr den SVS und man bot [&hellip;]<\/p>\n","protected":false},"author":1,"featured_media":0,"parent":1822,"menu_order":0,"comment_status":"closed","ping_status":"open","template":"","meta":{"footnotes":""},"class_list":["post-1867","page","type-page","status-publish","hentry"],"_links":{"self":[{"href":"https:\/\/www.sv-saupsdorf.de\/index.php?rest_route=\/wp\/v2\/pages\/1867","targetHints":{"allow":["GET"]}}],"collection":[{"href":"https:\/\/www.sv-saupsdorf.de\/index.php?rest_route=\/wp\/v2\/pages"}],"about":[{"href":"https:\/\/www.sv-saupsdorf.de\/index.php?rest_route=\/wp\/v2\/types\/page"}],"author":[{"embeddable":true,"href":"https:\/\/www.sv-saupsdorf.de\/index.php?rest_route=\/wp\/v2\/users\/1"}],"replies":[{"embeddable":true,"href":"https:\/\/www.sv-saupsdorf.de\/index.php?rest_route=%2Fwp%2Fv2%2Fcomments&post=1867"}],"version-history":[{"count":0,"href":"https:\/\/www.sv-saupsdorf.de\/index.php?rest_route=\/wp\/v2\/pages\/1867\/revisions"}],"up":[{"embeddable":true,"href":"https:\/\/www.sv-saupsdorf.de\/index.php?rest_route=\/wp\/v2\/pages\/1822"}],"wp:attachment":[{"href":"https:\/\/www.sv-saupsdorf.de\/index.php?rest_route=%2Fwp%2Fv2%2Fmedia&parent=1867"}],"curies":[{"name":"wp","href":"https:\/\/api.w.org\/{rel}","templated":true}]}}