{"id":2172,"date":"2019-09-16T20:26:19","date_gmt":"2019-09-16T20:26:19","guid":{"rendered":"http:\/\/www.sv-saupsdorf.de\/?page_id=2172"},"modified":"2019-09-16T20:39:25","modified_gmt":"2019-09-16T20:39:25","slug":"4-punktspiel","status":"publish","type":"page","link":"https:\/\/www.sv-saupsdorf.de\/?page_id=2172","title":{"rendered":"4. Punktspiel"},"content":{"rendered":"<p><strong>SV K\u00f6nigstein \u2013 SpG SV Saupsdorf\/BSV 68 Sebnitz 2.\u00a0\u00a0\u00a0 2 : 0 \u00a0(1 : 0)<\/strong><\/p>\n<p>Zum zweiten Ausw\u00e4rtsspiel der Saison reiste die SpG zum SV K\u00f6nigstein, die Mannschaft die der SpG den Klassenerhalt in der Kreisliga B m\u00f6glich gemacht hat.<\/p>\n<p>Unter den Kanonendonner auf der Festung K\u00f6nigstein begann die SpG druckvoller und setzte den Gastgeber zu Beginn des Spiels unter Druck, nutzte aber seine M\u00f6glichkeiten nicht konsequent genug. Die Platzherren stellten sich mehr und mehr auf ihren Gegner ein und erspielten sich so mehr Spielanteile.<\/p>\n<p>Sie schlugen die B\u00e4lle hoch aus der Abwehr nach vorn auf ihre St\u00fcrmer die geschickt die B\u00e4lle sicherten und Abschl\u00fcsse Richtung Geh\u00e4use der SpG zu suchen.<\/p>\n<p>Man war wohl schon gedanklich in der Pause als nach einem gef\u00fchlvollen Freisto\u00df die Gastgeber per Kopf in der 42\u2018 das 1:0 erzielten.<\/p>\n<p>Nach dem Seitenwechsel spielt sich das Geschehen meist nur zwischen den Strafr\u00e4umen ab. Die SpG lie\u00df sich von der Spielweise des Gegners zu sehr anstecken und schlug auch nur meist hohe B\u00e4lle nach vorn, aber die Abwehr der Platzherren stand wie ein Fels in der Brandung.<\/p>\n<p>Die K\u00f6nigsteiner k\u00e4mpften jeder f\u00fcr jeden und die SpG war immer zu weit weg vom Gegner man m\u00fchte sich, konnte aber nicht entscheidend in die Box kommen und Chancen kreieren, ein einziger Schuss auf das Tor aus dem Spiel heraus in Halbzeit zwei, ist zu wenig um Tore zu erzielen.<\/p>\n<p>Zur \u00dcberraschung der SpG zeigte der Schiri in der 77\u2018 auf den Stafsto\u00dfpunkt, nachdem sich der St\u00fcrmer von K\u00f6nigstein geschickt im Strafraum fallen lie\u00df, die bedeutete gleichzeitig das 2:0 und den Endstand der Partie.<\/p>\n<p>Die Mannschaft der SpG muss das im Training erarbeitete auch auf dem Platz umsetzen, wenn man Punkte einfahren will und daran gilt es hart zu arbeiten, zeigen das man es kann, dazu ist im kommenden Heimspiel Gelegenheit und hier sollten die 3 Punkte eingefahren werden!<\/p>\n<p><strong>Die SpG SV Saupsdorf\/BSV 68 Sebnitz 2. spielte mit:<\/strong><\/p>\n<p><strong>Waesch, M. H\u00e4ntzschel, M. Raabe, R. Bastian (ab 46\u2018 P. D\u00fcffort), E. G\u00f6tze, D. Hingst (ab 46\u2018 F. Br\u00e4uer), J. H\u00e4ntzschel,M. Philipp, M. Maetze,\u00a0\u00a0\u00a0\u00a0\u00a0\u00a0\u00a0\u00a0\u00a0\u00a0\u00a0\u00a0\u00a0\u00a0\u00a0\u00a0\u00a0 <\/strong><strong>J. Beckert, W. Beckert (ab 59\u2018 F. Wagner)<\/strong><\/p>\n","protected":false},"excerpt":{"rendered":"<p>SV K\u00f6nigstein \u2013 SpG SV Saupsdorf\/BSV 68 Sebnitz 2.\u00a0\u00a0\u00a0 2 : 0 \u00a0(1 : 0) Zum zweiten Ausw\u00e4rtsspiel der Saison reiste die SpG zum SV K\u00f6nigstein, die Mannschaft die der SpG den Klassenerhalt in der Kreisliga B m\u00f6glich gemacht hat. Unter den Kanonendonner auf der Festung K\u00f6nigstein begann die SpG druckvoller und setzte den Gastgeber [&hellip;]<\/p>\n","protected":false},"author":1,"featured_media":0,"parent":1978,"menu_order":4,"comment_status":"closed","ping_status":"closed","template":"","meta":{"footnotes":""},"class_list":["post-2172","page","type-page","status-publish","hentry"],"_links":{"self":[{"href":"https:\/\/www.sv-saupsdorf.de\/index.php?rest_route=\/wp\/v2\/pages\/2172","targetHints":{"allow":["GET"]}}],"collection":[{"href":"https:\/\/www.sv-saupsdorf.de\/index.php?rest_route=\/wp\/v2\/pages"}],"about":[{"href":"https:\/\/www.sv-saupsdorf.de\/index.php?rest_route=\/wp\/v2\/types\/page"}],"author":[{"embeddable":true,"href":"https:\/\/www.sv-saupsdorf.de\/index.php?rest_route=\/wp\/v2\/users\/1"}],"replies":[{"embeddable":true,"href":"https:\/\/www.sv-saupsdorf.de\/index.php?rest_route=%2Fwp%2Fv2%2Fcomments&post=2172"}],"version-history":[{"count":0,"href":"https:\/\/www.sv-saupsdorf.de\/index.php?rest_route=\/wp\/v2\/pages\/2172\/revisions"}],"up":[{"embeddable":true,"href":"https:\/\/www.sv-saupsdorf.de\/index.php?rest_route=\/wp\/v2\/pages\/1978"}],"wp:attachment":[{"href":"https:\/\/www.sv-saupsdorf.de\/index.php?rest_route=%2Fwp%2Fv2%2Fmedia&parent=2172"}],"curies":[{"name":"wp","href":"https:\/\/api.w.org\/{rel}","templated":true}]}}