{"id":485,"date":"2011-09-19T10:40:27","date_gmt":"2011-09-19T10:40:27","guid":{"rendered":"http:\/\/www.sv-saupsdorf.de\/?page_id=485"},"modified":"2021-03-27T08:52:28","modified_gmt":"2021-03-27T08:52:28","slug":"5-spieltag","status":"publish","type":"page","link":"https:\/\/www.sv-saupsdorf.de\/?page_id=485","title":{"rendered":"5. Spieltag"},"content":{"rendered":"<table border=\"5\">\n<tbody>\n<tr>\n<td>Liebst\u00e4dter SV<\/td>\n<td>&#8211;<\/td>\n<td>LSV Gorknitz 61 1.<\/td>\n<td>0<\/td>\n<td>:<\/td>\n<td>2<\/td>\n<\/tr>\n<tr>\n<td><strong>SV Saupsdorf<\/strong><\/td>\n<td><strong>&#8211;<\/strong><\/td>\n<td><strong>SC Einheit Bahratal-Berggie\u00dfh\u00fcbel 1.<\/strong><\/td>\n<td><strong>3<\/strong><\/td>\n<td><strong>:<\/strong><\/td>\n<td><strong>4<\/strong><\/td>\n<\/tr>\n<tr>\n<td>TuS Einheit Wehlen 1.<\/td>\n<td>&#8211;<\/td>\n<td>SV Blau-Gelb Stolpen 2.<\/td>\n<td>5<\/td>\n<td>:<\/td>\n<td>2<\/td>\n<\/tr>\n<tr>\n<td>SSV Neustadt\/Sachsen 2.<\/td>\n<td>&#8211;<\/td>\n<td>FSV 1924 Bad Schandau 1.<\/td>\n<td>4<\/td>\n<td>:<\/td>\n<td>0<\/td>\n<\/tr>\n<tr>\n<td>BSV 68 Sebnitz 2.<\/td>\n<td>&#8211;<\/td>\n<td>SG Reinhardtdorf 1.<\/td>\n<td>2<\/td>\n<td>:<\/td>\n<td>4<\/td>\n<\/tr>\n<tr>\n<td>SV Wesenitztal 2.<\/td>\n<td>&#8211;<\/td>\n<td>FSV 1923 Lohmen 1.<\/td>\n<td>1<\/td>\n<td>:<\/td>\n<td>4<\/td>\n<\/tr>\n<tr>\n<td>SV Pirna-S\u00fcd 2.<\/td>\n<td>&#8211;<\/td>\n<td>Chemie Dohna 2.<\/td>\n<td>2<\/td>\n<td>:<\/td>\n<td>1<\/td>\n<\/tr>\n<tr>\n<td>SG Ullersdorf 1.<\/td>\n<td>&#8211;<\/td>\n<td>TSV Graupa 1.<\/td>\n<td>2<\/td>\n<td>:<\/td>\n<td>2<\/td>\n<\/tr>\n<\/tbody>\n<\/table>\n","protected":false},"excerpt":{"rendered":"<p>Liebst\u00e4dter SV &#8211; LSV Gorknitz 61 1. 0 : 2 SV Saupsdorf &#8211; SC Einheit Bahratal-Berggie\u00dfh\u00fcbel 1. 3 : 4 TuS Einheit Wehlen 1. &#8211; SV Blau-Gelb Stolpen 2. 5 : 2 SSV Neustadt\/Sachsen 2. &#8211; FSV 1924 Bad Schandau 1. 4 : 0 BSV 68 Sebnitz 2. &#8211; SG Reinhardtdorf 1. 2 : 4 [&hellip;]<\/p>\n","protected":false},"author":1,"featured_media":0,"parent":419,"menu_order":5,"comment_status":"closed","ping_status":"open","template":"","meta":{"footnotes":""},"class_list":["post-485","page","type-page","status-publish","hentry"],"_links":{"self":[{"href":"https:\/\/www.sv-saupsdorf.de\/index.php?rest_route=\/wp\/v2\/pages\/485","targetHints":{"allow":["GET"]}}],"collection":[{"href":"https:\/\/www.sv-saupsdorf.de\/index.php?rest_route=\/wp\/v2\/pages"}],"about":[{"href":"https:\/\/www.sv-saupsdorf.de\/index.php?rest_route=\/wp\/v2\/types\/page"}],"author":[{"embeddable":true,"href":"https:\/\/www.sv-saupsdorf.de\/index.php?rest_route=\/wp\/v2\/users\/1"}],"replies":[{"embeddable":true,"href":"https:\/\/www.sv-saupsdorf.de\/index.php?rest_route=%2Fwp%2Fv2%2Fcomments&post=485"}],"version-history":[{"count":0,"href":"https:\/\/www.sv-saupsdorf.de\/index.php?rest_route=\/wp\/v2\/pages\/485\/revisions"}],"up":[{"embeddable":true,"href":"https:\/\/www.sv-saupsdorf.de\/index.php?rest_route=\/wp\/v2\/pages\/419"}],"wp:attachment":[{"href":"https:\/\/www.sv-saupsdorf.de\/index.php?rest_route=%2Fwp%2Fv2%2Fmedia&parent=485"}],"curies":[{"name":"wp","href":"https:\/\/api.w.org\/{rel}","templated":true}]}}