{"id":861,"date":"2013-07-08T19:03:03","date_gmt":"2013-07-08T19:03:03","guid":{"rendered":"http:\/\/www.sv-saupsdorf.de\/?page_id=861"},"modified":"2021-03-27T09:08:24","modified_gmt":"2021-03-27T09:08:24","slug":"26-spieltag","status":"publish","type":"page","link":"https:\/\/www.sv-saupsdorf.de\/?page_id=861","title":{"rendered":"26. Spieltag"},"content":{"rendered":"<table border=\"5\">\n<tbody>\n<tr>\n<td><strong>SSV 1862 Langburkersdorf<\/strong><\/td>\n<td><strong>&#8211;<\/strong><\/td>\n<td><strong>SV Saupsdorf<\/strong><\/td>\n<td><strong>2<\/strong><\/td>\n<td><strong>:<\/strong><\/td>\n<td><strong>4<\/strong><\/td>\n<\/tr>\n<tr><\/tr>\n<tr>\n<td>SpG Lok Pirna\/VfL Copitz 3.<\/td>\n<td>&#8211;<\/td>\n<td>SV Sachsen M\u00fcglitztal<\/td>\n<td>0<\/td>\n<td>:<\/td>\n<td>1<\/td>\n<\/tr>\n<tr>\n<td>Hohnsteiner SV 1.<\/td>\n<td>&#8211;<\/td>\n<td>SV Blau-Gelb Stolpen 2.<\/td>\n<td>5<\/td>\n<td>:<\/td>\n<td>3<\/td>\n<\/tr>\n<tr>\n<td>Liebst\u00e4dter SV<\/td>\n<td>&#8211;<\/td>\n<td>1. FC Pirna 3.<\/td>\n<td>2<\/td>\n<td>:<\/td>\n<td>1<\/td>\n<\/tr>\n<tr>\n<td>Heidenauer SV 3.<\/td>\n<td>&#8211;<\/td>\n<td>SC Einheit Bahratal-Berggie\u00dfh\u00fcbel 2.<\/td>\n<td>2<\/td>\n<td>:<\/td>\n<td>4<\/td>\n<\/tr>\n<tr>\n<td>SG Sch\u00f6nfeld 2.<\/td>\n<td>&#8211;<\/td>\n<td>TSV Graupa 2.<\/td>\n<td>3<\/td>\n<td>:<\/td>\n<td>1<\/td>\n<\/tr>\n<tr>\n<td>SSV Neustadt\/Sachsen 2.<\/td>\n<td>&#8211;<\/td>\n<td>SG Reinhardtdorf 2.<\/td>\n<td>6<\/td>\n<td>:<\/td>\n<td>0<\/td>\n<\/tr>\n<\/tbody>\n<\/table>\n","protected":false},"excerpt":{"rendered":"<p>SSV 1862 Langburkersdorf &#8211; SV Saupsdorf 2 : 4 SpG Lok Pirna\/VfL Copitz 3. &#8211; SV Sachsen M\u00fcglitztal 0 : 1 Hohnsteiner SV 1. &#8211; SV Blau-Gelb Stolpen 2. 5 : 3 Liebst\u00e4dter SV &#8211; 1. FC Pirna 3. 2 : 1 Heidenauer SV 3. &#8211; SC Einheit Bahratal-Berggie\u00dfh\u00fcbel 2. 2 : 4 SG Sch\u00f6nfeld [&hellip;]<\/p>\n","protected":false},"author":1,"featured_media":0,"parent":640,"menu_order":26,"comment_status":"closed","ping_status":"open","template":"","meta":{"footnotes":""},"class_list":["post-861","page","type-page","status-publish","hentry"],"_links":{"self":[{"href":"https:\/\/www.sv-saupsdorf.de\/index.php?rest_route=\/wp\/v2\/pages\/861","targetHints":{"allow":["GET"]}}],"collection":[{"href":"https:\/\/www.sv-saupsdorf.de\/index.php?rest_route=\/wp\/v2\/pages"}],"about":[{"href":"https:\/\/www.sv-saupsdorf.de\/index.php?rest_route=\/wp\/v2\/types\/page"}],"author":[{"embeddable":true,"href":"https:\/\/www.sv-saupsdorf.de\/index.php?rest_route=\/wp\/v2\/users\/1"}],"replies":[{"embeddable":true,"href":"https:\/\/www.sv-saupsdorf.de\/index.php?rest_route=%2Fwp%2Fv2%2Fcomments&post=861"}],"version-history":[{"count":0,"href":"https:\/\/www.sv-saupsdorf.de\/index.php?rest_route=\/wp\/v2\/pages\/861\/revisions"}],"up":[{"embeddable":true,"href":"https:\/\/www.sv-saupsdorf.de\/index.php?rest_route=\/wp\/v2\/pages\/640"}],"wp:attachment":[{"href":"https:\/\/www.sv-saupsdorf.de\/index.php?rest_route=%2Fwp%2Fv2%2Fmedia&parent=861"}],"curies":[{"name":"wp","href":"https:\/\/api.w.org\/{rel}","templated":true}]}}